-11
3 (base 16) to base 9
3
-5 (base 9) to base 7
-5
What is 311 (base 4) in base 3?
1222
What is -126 (base 8) in base 5?
-321
1 (base 6) to base 4
1
Convert -3 (base 13) to base 10.
-3
Convert 111 (base 2) to base 3.
21
What is 0 (base 8) in base 5?
0
What is -1021 (base 4) in base 5?
-243
What is -2 (base 6) in base 8?
-2
-6 (base 9) to base 12
-6
-22 (base 10) to base 14
-18
What is -364 (base 9) in base 16?
-12d
What is 40 (base 7) in base 3?
1001
What is 236 (base 10) in base 3?
22202
Convert -101 (base 4) to base 15.
-12
Convert -111 (base 6) to base 9.
-47
1 (base 6) to base 5
1
What is -1102 (base 3) in base 10?
-38
Convert 2 (base 3) to base 7.
2
-3 (base 11) to base 13
-3
What is 21 (base 16) in base 10?
33
Convert 3000 (base 4) to base 15.
cc
-2 (base 3) to base 8
-2
8 (base 15) to base 6
12
Convert -2 (base 6) to base 8.
-2
-24 (base 8) to base 9
-22
204 (base 6) to base 10
76
What is -10121 (base 3) in base 9?
-117
What is 3 (base 9) in base 5?
3
What is 1 (base 9) in base 16?
1
1001101 (base 2) to base 15
52
What is -6 (base 16) in base 9?
-6
-241 (base 5) to base 4
-1013
Convert 11 (base 7) to base 16.
8
Convert 133 (base 4) to base 2.
11111
What is 12 (base 8) in base 2?
1010
Convert 3 (base 8) to base 7.
3
Convert -3 (base 8) to base 14.
-3
Convert -42 (base 16) to base 15.
-46
Convert 552 (base 7) to base 3.
101110
15 (base 12) to base 15
12
What is -11 (base 5) in base 14?
-6
9 (base 15) to base 7
12
-39 (base 12) to base 2
-101101
40 (base 7) to base 13
22
-4 (base 5) to base 2
-100
What is -260 (base 7) in base 16?
-8c
What is -1 (base 10) in base 5?
-1
20 (base 6) to base 2
1100
What is 11 (base 12) in base 13?
10
What is 213 (base 11) in base 8?
400
What is 1200 (base 4) in base 12?
80
What is 14 (base 16) in base 4?
110
What is -6c (base 16) in base 4?
-1230
Convert -1 (base 9) to base 6.
-1
What is -57 (base 8) in base 9?
-52
-16 (base 8) to base 13
-11
What is -7 (base 16) in base 14?
-7
0 (base 7) to base 6
0
What is 3 (base 15) in base 12?
3
What is 6 (base 8) in base 6?
10
Convert 11 (base 7) to base 12.
8
-a (base 11) to base 12
-a
Convert 17 (base 13) to base 5.
40
What is 525 (base 6) in base 8?
305
Convert 79 (base 13) to base 9.
121
Convert 3 (base 4) to base 11.
3
Convert 49 (base 14) to base 7.
122
33 (base 11) to base 10
36
Convert -65 (base 16) to base 8.
-145
What is -3 (base 7) in base 8?
-3
Convert b (base 16) to base 12.
b
What is -10102 (base 4) in base 3?
-101011
-4 (base 14) to base 8
-4
What is 193 (base 12) in base 14?
143
-11 (base 7) to base 13
-8
What is 1002 (base 5) in base 16?
7f
What is 3 (base 11) in base 16?
3
What is -1 (base 9) in base 15?
-1
Convert 206 (base 7) to base 6.
252
What is 0 (base 11) in base 7?
0
-3 (base 7) to base 16
-3
What is -110101 (base 2) in base 8?
-65
What is 28 (base 9) in base 5?
101
What is 1 (base 11) in base 3?
1
-123 (base 4) to base 8
-33
Convert 3 (base 5) to base 9.
3
10 (base 6) to base 9
6
d (base 16) to base 11
12
-4 (base 14) to base 12
-4
-13 (base 15) to base 5
-33
Convert -74 (base 11) to base 4.
-1101
4a (base 16) to base 6
202
Convert -2 (base 9) to base 8.
-2
Convert -252 (base 6) to base 9.
-125
What is b (base 14) in base 2?
1011
Convert 113 (base 4) to base 14.
19
Convert -1 (base 5) to base 15.
-1
-5 (base 6) to base 3
-12
What is -1 (base 12) in base 10?
-1
What is -31 (base 4) in base 9?
-14
Convert 112 (base 8) to base 15.
4e
c (base 14) to base 8
14
11 (base 2) to base 7
3
37 (base 8) to base 13
25
Convert -12 (base 6) to base 13.
-8
-9 (base 16) to base 15
-9
What is -1 (base 15) in base 7?
-1
Convert 4d (base 14) to base 9.
76
What is 46 (base 7) in base 14?
26
What is 26 (base 12) in base 6?
50
Convert -130 (base 16) to base 10.
-304
Convert 4b (base 15) to base 9.
78
Convert 10 (base 14) to base 10.
14
-3 (base 5) to base 14
-3
What is 1a6 (base 13) in base 3?
102022
Convert -12 (base 6) to base 5.
-13
What is -1 (base 11) in base 15?
-1
What is -11 (base 12) in base 3?
-111
1 (base 2) to base 12
1
What is -3 (base 4) in base 13?
-3
Convert -624 (base 8) to base 14.
-20c
17 (base 13) to base 9
22
What is 33 (base 5) in base 7?
24
Convert 10 (base 10) to base 16.
a
Convert 72 (base 14) to base 13.
79
22 (base 15) to base 16
20
What is 20 (base 4) in base 3?
22
-4 (base 13) to base 12
-4
-6 (base 15) to base 3
-20
-54 (base 11) to base 6
-135
53 (base 15) to base 3
2220
What is 62 (base 13) in base 4?
1100
What is 254 (base 10) in base 2?
11111110
Convert 1 (base 6) to base 4.
1
-36 (base 7) to base 15
-1c
Convert 161 (base 8) to base 16.
71
Convert 24 (base 7) to base 3.
200
235 (base 8) to base 11
133
What is -20 (base 4) in base 13?
-8
-5 (base 14) to base 5
-10
-1 (base 10) to base 8
-1
73 (base 13) to base 9
114
Convert -3a (base 15) to base 11.
-50
What is 3 (base 7) in base 15?
3
What is 12 (base 4) in base 3?
20
What is -15 (base 14) in base 4?
-103
4 (base 5) to base 2
100
What is 62 (base 14) in base 4?
1112
What is 1 (base 12) in base 14?
1
Convert 2a1 (base 12) to base 7.
1123
Convert -6 (base 8) to base 15.
-6
Convert -1 (base 14) to base 10.
-1
What is -11332 (base 4) in base 15?
-1a7
What is -9 (base 14) in base 6?
-13
566 (base 7) to base 9
355
Convert -44 (base 9) to base 13.
-31
Convert 45 (base 6) to base 15.
1e
What is 0 (base 10) in base 8?
0
Convert -7 (base 16) to base 4.
-13
-2101 (base 3) to base 9
-71
-2d (base 16) to base 14
-33
1311 (base 6) to base 16
14b
What is 72 (base 12) in base 3?
10012
Convert -7 (base 15) to base 16.
-7
What is ba (base 15) in base 7?
340
What is -4 (base 14) in base 15?
-4
0 (base 2) to base 11
0
What is -221 (base 6) in base 7?
-151
Convert 3 (base 5) to base 14.
3
What is -1 (base 9) in base 8?
-1
Convert 1010 (base 2) to base 12.
a
What is -55 (base 11) in base 4?
-330
Convert 7 (base 10) to base 15.
7
-2 (base 10) to base 6
-2
3122 (base 4) to base 6
1002
What is 0 (base 15) in base 8?
0
What is -3 (base 13) in base 15?
-3
Convert 58 (base 10) to base 6.
134
-3 (base 9) to base 6
-3
Convert 1e (base 16) to base 13.
24
Convert 304 (base 10) to base 2.
100110000
What is 2010 (base 4) in base 10?
132
19 (base 16) to base 10
25
Convert -11011101 (base 2) to base 7.
-434
-1131 (base 4) to base 7
-162
4 (base 8) to base 7
4
What is -65 (base 14) in base 15?
-5e
Convert -c (base 15) to base 5.
-22
-7 (base 10) to base 3
-21
What is 162 (base 7) in base 14?
69
What is 53 (base 11) in base 13?
46
Convert -6 (base 7) to base 14.
-6
What is 1 (base 8) in base 11?
1
8 (base 10) to base 2
1000
Convert 1d (base 15) to base 5.
103
-26 (base 14) to base 4
-202
Convert 3 (base 15) to base 2.
11
Convert 21022 (base 3) to base 16.
c5
20 (base 3) to base 2
110
What is -7 (base 14) in base 6?
-11
-20 (base 5) to base 10
-10
What is -1 (base 10) in base 2?
-1
Convert -10101110 (base 2) to base 8.
-256
Convert 1 (base 16) to base 2.
1
What is 11 (base 13) in base 5?
24
What is 19 (base 14) in base 3?
212
2 (base 3) to base 14
2
What is -3 (base 12) in base 15?
-3
What is 0 (base 10) in base 5?
0
3 (base 10) to base 5
3
-223 (base 7) to base 4
-1303
What is -c (base 13) in base 5?
-22
Convert 8 (base 12) to base 3.
22
What is -100002 (base 3) in base 5?
-1440
What is -1c (base 16) in base 13?
-22
What is 1 (base 6) in base 8?
1
Convert d (base 14) to base 3.
111
What is 1101111 (base 2) in base 8?
157
Convert 0 (base 5) to base 9.
0
What is -10 (base 11) in base 9?
-12
2 (base 3) to base 8
2
1 (base 13) to base 3
1
Convert -10101 (base 2) to base 9.
-23
What is 15 (base 8) in base 2?
1101
-14 (base 7) to base 9
-12
What is 4 (base 5) in base 2?
100
6 (base 14) to base 12
6
-2 (base 12) to base 2
-10
What is -a (base 14) in base 8?
-12
What is 15 (base 9) in base 16?
e
5 (base 9) to base 3
12
What is 12 (base 16) in base 8?
22
Convert -432 (base 6) to base 3.
-20002
Convert -14 (base 9) to base 7.
-16
-11 (base 13) to base 3
-112
What is 2 (base 14) in base 10?
2
11 (base 3) to base 8
4
-3 (base 14) to base 6
-3
-30 (base 4) to base 8
-14
What is -13 (base 7) in base 15?
-a
What is 3 (base 9) in base 10?
3
-164 (base 8) to base 7
-224
Convert 5 (base 15) to base 8.
5
What is 29 (base 12) in base 9?
36
Convert 202 (base 3) to base 15.
15
What is 12 (base 12) in base 8?
16
182 (base 12) to base 4
